{"id":21,"date":"2019-09-17T07:12:02","date_gmt":"2019-09-17T07:12:02","guid":{"rendered":"http:\/\/bayerische-flaggendruckerei.de\/?page_id=21"},"modified":"2024-08-26T14:45:22","modified_gmt":"2024-08-26T14:45:22","slug":"indoor","status":"publish","type":"page","link":"https:\/\/bayerische-flaggendruckerei.de\/?page_id=21","title":{"rendered":"indoor Fahnen"},"content":{"rendered":"\n<p><\/p>\n\n\n\n<div class=\"wp-block-cover aligncenter is-light\"><span aria-hidden=\"true\" class=\"wp-block-cover__background has-background-dim\"><\/span><img loading=\"lazy\" decoding=\"async\" width=\"1783\" height=\"853\" class=\"wp-block-cover__image-background wp-image-232\" alt=\"\" src=\"http:\/\/bayerische-flaggendruckerei.de\/wp-content\/uploads\/2019\/09\/alles-moegliche-2.jpg\" data-object-fit=\"cover\" srcset=\"https:\/\/bayerische-flaggendruckerei.de\/wp-content\/uploads\/2019\/09\/alles-moegliche-2.jpg 1783w, https:\/\/bayerische-flaggendruckerei.de\/wp-content\/uploads\/2019\/09\/alles-moegliche-2-300x144.jpg 300w, https:\/\/bayerische-flaggendruckerei.de\/wp-content\/uploads\/2019\/09\/alles-moegliche-2-768x367.jpg 768w, https:\/\/bayerische-flaggendruckerei.de\/wp-content\/uploads\/2019\/09\/alles-moegliche-2-1024x490.jpg 1024w\" sizes=\"(max-width: 1783px) 100vw, 1783px\" \/><div class=\"wp-block-cover__inner-container is-layout-flow wp-block-cover-is-layout-flow\">\n<p class=\"has-text-align-center has-luminous-vivid-amber-color has-text-color\" style=\"font-size:26px\"><strong>Raumgestaltung <\/strong><\/p>\n\n\n\n<p class=\"has-text-align-center has-luminous-vivid-amber-color has-text-color\" style=\"font-size:37px\"><strong>aus Stoffe <\/strong><\/p>\n<\/div><\/div>\n\n\n<hr>\n<hr>\n\n\n<p class=\"has-text-align-center has-background has-medium-font-size\" style=\"background-color:#eaf5fa\">Die Innenausgestaltung ist sehr vielf\u00e4ltig und von uns umsetztbar!<\/p>\n\n\n<hr>\n<hr>\n\n\n<p class=\"has-text-align-center has-background has-medium-font-size\" style=\"background-color:#eaf5fa\">Aktionsfahnen, Sichtschutz, Wandbehang, Tischdecken, Servieten, Tisch-F\u00e4hnchen &#8211; Banner &#8211; Wimpel, Deckenh\u00e4nger,  Roolups, Pultbeh\u00e4nge, Abzeichen<\/p>\n\n\n<hr>\n<hr>\n\n\n<div class=\"wp-block-media-text is-stacked-on-mobile\"><figure class=\"wp-block-media-text__media\"><img loading=\"lazy\" decoding=\"async\" width=\"551\" height=\"1024\" src=\"http:\/\/bayerische-flaggendruckerei.de\/wp-content\/uploads\/2023\/10\/Fahnenstaender236-551x1024.jpg\" alt=\"\" class=\"wp-image-946 size-full\" srcset=\"https:\/\/bayerische-flaggendruckerei.de\/wp-content\/uploads\/2023\/10\/Fahnenstaender236-551x1024.jpg 551w, https:\/\/bayerische-flaggendruckerei.de\/wp-content\/uploads\/2023\/10\/Fahnenstaender236-162x300.jpg 162w, https:\/\/bayerische-flaggendruckerei.de\/wp-content\/uploads\/2023\/10\/Fahnenstaender236.jpg 561w\" sizes=\"(max-width: 551px) 100vw, 551px\" \/><\/figure><div class=\"wp-block-media-text__content\">\n<p><strong>Fahnenst\u00e4nder 236<\/strong><\/p>\n\n\n\n<p>Komplettset H\u00f6he 2,5 m ohne Fahnen<br>Messingfu\u00df 26 cm Durchmesser Gew. 4 kg<br>Fahnenstange Aluminium Goldfarbig L\u00e4nge 2,36 cm<br>Fahnenkugel 60 mm mit Karabiner zum aufh\u00e4ngen der Fahne<br>Fahnenb\u00fcgel mit Karabiner sorgt f\u00fcr ein gutes Erscheinungsbild der Fahne.<\/p>\n\n\n\n<p>Angebot ohne Fahne<\/p>\n<\/div><\/div>\n\n\n\n<div class=\"wp-block-media-text has-media-on-the-right is-stacked-on-mobile\"><div class=\"wp-block-media-text__content\">\n<p><strong>Fahnenst\u00e4nder 23<\/strong>8<\/p>\n\n\n\n<p>Komplettset ohne Fahnen H\u00f6he 2,7 m<br>Granitfu\u00df 40 cm Durchmesser Gew. 11 kg<br>Messingfahnenstange 32 mm in der Mitte geteilt<br>Lanzenspitze mit Zierkugel mit Karabiner zum Aufh\u00e4ngen der Fahne<br>Fahnenb\u00fcgel f\u00fcr ein gutes Erscheinungsbild der Fahne<br>Sehr stabiler Fu\u00df, kann auch mit Holzstangen oder Fahnenkugel geliefert werden.<\/p>\n\n\n\n<p>Angebot ohne Fahne.<\/p>\n<\/div><figure class=\"wp-block-media-text__media\"><img loading=\"lazy\" decoding=\"async\" width=\"452\" height=\"813\" src=\"http:\/\/bayerische-flaggendruckerei.de\/wp-content\/uploads\/2023\/10\/Fahnenstaender286.jpg\" alt=\"\" class=\"wp-image-949 size-full\" srcset=\"https:\/\/bayerische-flaggendruckerei.de\/wp-content\/uploads\/2023\/10\/Fahnenstaender286.jpg 452w, https:\/\/bayerische-flaggendruckerei.de\/wp-content\/uploads\/2023\/10\/Fahnenstaender286-167x300.jpg 167w\" sizes=\"(max-width: 452px) 100vw, 452px\" \/><\/figure><\/div>\n\n\n\n<div class=\"wp-block-media-text is-stacked-on-mobile\"><figure class=\"wp-block-media-text__media\"><img loading=\"lazy\" decoding=\"async\" width=\"472\" height=\"267\" src=\"https:\/\/bayerische-flaggendruckerei.de\/wp-content\/uploads\/2023\/10\/Fahnenspreizer.jpg\" alt=\"\" class=\"wp-image-954 size-full\" srcset=\"https:\/\/bayerische-flaggendruckerei.de\/wp-content\/uploads\/2023\/10\/Fahnenspreizer.jpg 472w, https:\/\/bayerische-flaggendruckerei.de\/wp-content\/uploads\/2023\/10\/Fahnenspreizer-300x170.jpg 300w\" sizes=\"(max-width: 472px) 100vw, 472px\" \/><\/figure><div class=\"wp-block-media-text__content\">\n<p>Fahnenspreizer<\/p>\n\n\n\n<p>zum &#8222;Ausbreiten&#8220; der Flagge 100X150cm an der Fahnenstange <\/p>\n<\/div><\/div>\n\n\n<p>.<\/p>\n\n\n<div class=\"wp-block-media-text alignwide is-stacked-on-mobile is-vertically-aligned-center has-luminous-vivid-amber-background-color has-background\" style=\"grid-template-columns:62% auto\"><figure class=\"wp-block-media-text__media\"><img loading=\"lazy\" decoding=\"async\" width=\"854\" height=\"1024\" src=\"http:\/\/bayerische-flaggendruckerei.de\/wp-content\/uploads\/2019\/10\/Rollups-854x1024.jpg\" alt=\"\" class=\"wp-image-326 size-full\" srcset=\"https:\/\/bayerische-flaggendruckerei.de\/wp-content\/uploads\/2019\/10\/Rollups-854x1024.jpg 854w, https:\/\/bayerische-flaggendruckerei.de\/wp-content\/uploads\/2019\/10\/Rollups-250x300.jpg 250w, https:\/\/bayerische-flaggendruckerei.de\/wp-content\/uploads\/2019\/10\/Rollups-768x921.jpg 768w\" sizes=\"(max-width: 854px) 100vw, 854px\" \/><\/figure><div class=\"wp-block-media-text__content\">\n<p class=\"has-large-font-size\">Rollups<\/p>\n<\/div><\/div>\n\n\n\n<div class=\"wp-block-media-text alignwide has-media-on-the-right is-stacked-on-mobile has-luminous-vivid-amber-background-color has-background\"><div class=\"wp-block-media-text__content\">\n<p class=\"has-large-font-size\">Deckenh\u00e4nger<\/p>\n<\/div><figure class=\"wp-block-media-text__media\"><img loading=\"lazy\" decoding=\"async\" width=\"378\" height=\"1024\" src=\"http:\/\/bayerische-flaggendruckerei.de\/wp-content\/uploads\/2019\/10\/roll-up-banner-850x2300-zeit-f\u00fcr-mich-mail-378x1024.jpg\" alt=\"\" class=\"wp-image-327 size-full\" srcset=\"https:\/\/bayerische-flaggendruckerei.de\/wp-content\/uploads\/2019\/10\/roll-up-banner-850x2300-zeit-f\u00fcr-mich-mail-378x1024.jpg 378w, https:\/\/bayerische-flaggendruckerei.de\/wp-content\/uploads\/2019\/10\/roll-up-banner-850x2300-zeit-f\u00fcr-mich-mail-111x300.jpg 111w, https:\/\/bayerische-flaggendruckerei.de\/wp-content\/uploads\/2019\/10\/roll-up-banner-850x2300-zeit-f\u00fcr-mich-mail-768x2078.jpg 768w, https:\/\/bayerische-flaggendruckerei.de\/wp-content\/uploads\/2019\/10\/roll-up-banner-850x2300-zeit-f\u00fcr-mich-mail.jpg 2000w\" sizes=\"(max-width: 378px) 100vw, 378px\" \/><\/figure><\/div>\n\n\n<p>.<\/p>\n\n\n<div class=\"wp-block-media-text alignwide is-stacked-on-mobile has-luminous-vivid-amber-background-color has-background\"><figure class=\"wp-block-media-text__media\"><img loading=\"lazy\" decoding=\"async\" width=\"1024\" height=\"768\" src=\"http:\/\/bayerische-flaggendruckerei.de\/wp-content\/uploads\/2019\/11\/PA233771-1024x768.jpg\" alt=\"\" class=\"wp-image-363 size-full\" srcset=\"https:\/\/bayerische-flaggendruckerei.de\/wp-content\/uploads\/2019\/11\/PA233771-1024x768.jpg 1024w, https:\/\/bayerische-flaggendruckerei.de\/wp-content\/uploads\/2019\/11\/PA233771-300x225.jpg 300w, https:\/\/bayerische-flaggendruckerei.de\/wp-content\/uploads\/2019\/11\/PA233771-768x576.jpg 768w\" sizes=\"(max-width: 1024px) 100vw, 1024px\" \/><\/figure><div class=\"wp-block-media-text__content\">\n<p class=\"has-medium-font-size\"><strong>G\u00e4ste Tischdecke<\/strong><\/p>\n\n\n\n<p>Schriften und Zeichnungen werden nach gestickt<\/p>\n<\/div><\/div>\n\n\n\n<div class=\"wp-block-media-text alignwide has-media-on-the-right is-stacked-on-mobile has-luminous-vivid-amber-background-color has-background\"><div class=\"wp-block-media-text__content\">\n<p class=\"has-medium-font-size\">Servietten<\/p>\n\n\n\n<p>Mit dem Namnen bestickt<\/p>\n<\/div><figure class=\"wp-block-media-text__media\"><img loading=\"lazy\" decoding=\"async\" width=\"1024\" height=\"768\" src=\"http:\/\/bayerische-flaggendruckerei.de\/wp-content\/uploads\/2019\/11\/PA233769-1024x768.jpg\" alt=\"\" class=\"wp-image-364 size-full\" srcset=\"https:\/\/bayerische-flaggendruckerei.de\/wp-content\/uploads\/2019\/11\/PA233769-1024x768.jpg 1024w, https:\/\/bayerische-flaggendruckerei.de\/wp-content\/uploads\/2019\/11\/PA233769-300x225.jpg 300w, https:\/\/bayerische-flaggendruckerei.de\/wp-content\/uploads\/2019\/11\/PA233769-768x576.jpg 768w\" sizes=\"(max-width: 1024px) 100vw, 1024px\" \/><\/figure><\/div>\n\n\n<p>.<img decoding=\"async\" src=\"http:\/\/bayerische-flaggendruckerei.de\/wp-content\/uploads\/2019\/11\/Hussen-Stuhl-kl-1.gif\" \/>Husssen<\/p>\n<p>\u00a0<\/p>\n\n<p>.<\/p>\n\n\n<div class=\"wp-block-media-text alignwide has-media-on-the-right is-stacked-on-mobile has-luminous-vivid-amber-background-color has-background\"><div class=\"wp-block-media-text__content\">\n<p class=\"has-medium-font-size\"><strong>Internationale ode<\/strong>r<\/p>\n\n\n\n<p class=\"has-medium-font-size\">Firmen Tischflaggen<\/p>\n<\/div><figure class=\"wp-block-media-text__media\"><img loading=\"lazy\" decoding=\"async\" width=\"768\" height=\"1024\" src=\"http:\/\/bayerische-flaggendruckerei.de\/wp-content\/uploads\/2019\/11\/5-fachSt\u00e4nde-768x1024.jpg\" alt=\"\" class=\"wp-image-367 size-full\" srcset=\"https:\/\/bayerische-flaggendruckerei.de\/wp-content\/uploads\/2019\/11\/5-fachSt\u00e4nde-768x1024.jpg 768w, https:\/\/bayerische-flaggendruckerei.de\/wp-content\/uploads\/2019\/11\/5-fachSt\u00e4nde-225x300.jpg 225w, https:\/\/bayerische-flaggendruckerei.de\/wp-content\/uploads\/2019\/11\/5-fachSt\u00e4nde.jpg 1680w\" sizes=\"(max-width: 768px) 100vw, 768px\" \/><\/figure><\/div>\n\n\n\n<div class=\"wp-block-media-text alignwide is-stacked-on-mobile has-luminous-vivid-amber-background-color has-background\"><figure class=\"wp-block-media-text__media\"><img loading=\"lazy\" decoding=\"async\" width=\"610\" height=\"1024\" src=\"http:\/\/bayerische-flaggendruckerei.de\/wp-content\/uploads\/2019\/11\/Tischl\u00e4ufer-610x1024.png\" alt=\"\" class=\"wp-image-374 size-full\" srcset=\"https:\/\/bayerische-flaggendruckerei.de\/wp-content\/uploads\/2019\/11\/Tischl\u00e4ufer-610x1024.png 610w, https:\/\/bayerische-flaggendruckerei.de\/wp-content\/uploads\/2019\/11\/Tischl\u00e4ufer-179x300.png 179w, https:\/\/bayerische-flaggendruckerei.de\/wp-content\/uploads\/2019\/11\/Tischl\u00e4ufer-768x1290.png 768w, https:\/\/bayerische-flaggendruckerei.de\/wp-content\/uploads\/2019\/11\/Tischl\u00e4ufer.png 898w\" sizes=\"(max-width: 610px) 100vw, 610px\" \/><\/figure><div class=\"wp-block-media-text__content\">\n<p class=\"has-medium-font-size\"><strong>Tischl\u00e4ufer mit einem<\/strong><\/p>\n\n\n\n<p class=\"has-medium-font-size\">einfachen <\/p>\n\n\n\n<p class=\"has-medium-font-size\">Tischf\u00e4hnchen<\/p>\n<\/div><\/div>\n\n\n<hr>\n\n<div\n\t\t\t\n\t\t\tclass=\"so-widget-sow-button so-widget-sow-button-atom-c8b4b32eab66\"\n\t\t\t\n\t\t><div class=\"ow-button-base ow-button-align-center\"\n>\n\t\t\t<a\n\t\t\t\t\thref=\"http:\/\/bayerische-flaggendruckerei.de?page_id=23\"\n\t\t\t\t\tclass=\"sowb-button ow-icon-placement-left ow-button-hover\" \t>\n\t\t<span>\n\t\t\t<span class=\"sow-icon-fontawesome sow-fab\" data-sow-icon=\"&#xf2b4;\"\n\t\tstyle=\"color: #eaf5fa\" \n\t\taria-hidden=\"true\"><\/span>\n\t\t\tZu den Kontakt M\u00f6glichkeiten\t\t<\/span>\n\t\t\t<\/a>\n\t<\/div>\n<\/div>\n\n<hr \/>\n<hr \/>\n<hr \/>\n\n<div id=\"pl-gb21-69e161d7460c7\"  class=\"panel-layout\" ><div id=\"pg-gb21-69e161d7460c7-0\"  class=\"panel-grid panel-no-style\" ><div id=\"pgc-gb21-69e161d7460c7-0-0\"  class=\"panel-grid-cell panel-grid-cell-empty\" ><\/div><div id=\"pgc-gb21-69e161d7460c7-0-1\"  class=\"panel-grid-cell\" ><div id=\"panel-gb21-69e161d7460c7-0-1-0\" class=\"so-panel widget widget_media_image panel-first-child panel-last-child\" data-index=\"0\" ><img loading=\"lazy\" decoding=\"async\" width=\"100\" height=\"16\" src=\"https:\/\/bayerische-flaggendruckerei.de\/wp-content\/uploads\/2019\/09\/KOCH_gruppe-sauber--300x47.png\" class=\"image wp-image-86  attachment-100x16 size-100x16\" alt=\"\" style=\"max-width: 100%; height: auto;\" srcset=\"https:\/\/bayerische-flaggendruckerei.de\/wp-content\/uploads\/2019\/09\/KOCH_gruppe-sauber--300x47.png 300w, https:\/\/bayerische-flaggendruckerei.de\/wp-content\/uploads\/2019\/09\/KOCH_gruppe-sauber--768x119.png 768w, https:\/\/bayerische-flaggendruckerei.de\/wp-content\/uploads\/2019\/09\/KOCH_gruppe-sauber-.png 900w\" sizes=\"(max-width: 100px) 100vw, 100px\" \/><\/div><\/div><div id=\"pgc-gb21-69e161d7460c7-0-2\"  class=\"panel-grid-cell\" ><div id=\"panel-gb21-69e161d7460c7-0-2-0\" class=\"so-panel widget widget_media_image panel-first-child panel-last-child\" data-index=\"1\" ><img loading=\"lazy\" decoding=\"async\" width=\"294\" height=\"117\" src=\"https:\/\/bayerische-flaggendruckerei.de\/wp-content\/uploads\/2019\/09\/cropped-bayerische_flaggen-1.png\" class=\"image wp-image-491  attachment-full size-full\" alt=\"\" style=\"max-width: 100%; height: auto;\" \/><\/div><\/div><\/div><\/div>","protected":false},"excerpt":{"rendered":"<p>Die Innenausgestaltung ist sehr vielf\u00e4ltig und von uns umsetztbar! Aktionsfahnen, Sichtschutz, Wandbehang, Tischdecken, Servieten, Tisch-F\u00e4hnchen &#8211; Banner &#8211; Wimpel, Deckenh\u00e4nger, Roolups, Pultbeh\u00e4nge, Abzeichen Fahnenst\u00e4nder 236 Komplettset H\u00f6he 2,5 m ohne FahnenMessingfu\u00df 26 cm Durchmesser Gew. 4 kgFahnenstange Aluminium Goldfarbig L\u00e4nge 2,36 cmFahnenkugel 60 mm mit Karabiner zum aufh\u00e4ngen der FahneFahnenb\u00fcgel mit Karabiner sorgt f\u00fcr ein&hellip; <br \/> <a class=\"read-more\" href=\"https:\/\/bayerische-flaggendruckerei.de\/?page_id=21\">Weiterlesen<\/a><\/p>\n","protected":false},"author":1,"featured_media":0,"parent":0,"menu_order":0,"comment_status":"closed","ping_status":"closed","template":"","meta":{"footnotes":""},"class_list":["post-21","page","type-page","status-publish","hentry"],"_links":{"self":[{"href":"https:\/\/bayerische-flaggendruckerei.de\/index.php?rest_route=\/wp\/v2\/pages\/21"}],"collection":[{"href":"https:\/\/bayerische-flaggendruckerei.de\/index.php?rest_route=\/wp\/v2\/pages"}],"about":[{"href":"https:\/\/bayerische-flaggendruckerei.de\/index.php?rest_route=\/wp\/v2\/types\/page"}],"author":[{"embeddable":true,"href":"https:\/\/bayerische-flaggendruckerei.de\/index.php?rest_route=\/wp\/v2\/users\/1"}],"replies":[{"embeddable":true,"href":"https:\/\/bayerische-flaggendruckerei.de\/index.php?rest_route=%2Fwp%2Fv2%2Fcomments&post=21"}],"version-history":[{"count":12,"href":"https:\/\/bayerische-flaggendruckerei.de\/index.php?rest_route=\/wp\/v2\/pages\/21\/revisions"}],"predecessor-version":[{"id":1021,"href":"https:\/\/bayerische-flaggendruckerei.de\/index.php?rest_route=\/wp\/v2\/pages\/21\/revisions\/1021"}],"wp:attachment":[{"href":"https:\/\/bayerische-flaggendruckerei.de\/index.php?rest_route=%2Fwp%2Fv2%2Fmedia&parent=21"}],"curies":[{"name":"wp","href":"https:\/\/api.w.org\/{rel}","templated":true}]}}